{"id":171,"date":"2026-01-07T09:25:35","date_gmt":"2026-01-07T09:25:35","guid":{"rendered":"https:\/\/yoyogezginleri.org\/?page_id=171"},"modified":"2026-01-07T09:32:32","modified_gmt":"2026-01-07T09:32:32","slug":"yazi-gonder","status":"publish","type":"page","link":"https:\/\/yoyogezginleri.org\/index.php\/yazi-gonder\/","title":{"rendered":"Yaz\u0131 G\u00f6nder"},"content":{"rendered":"<div class=\"wpuf-message\">Bu sayfay\u0131 g\u00f6r\u00fcnt\u00fclemek i\u00e7in giri\u015f yapmal\u0131s\u0131n\u0131z.\r\n<\/div>\n","protected":false},"excerpt":{"rendered":"","protected":false},"author":1,"featured_media":0,"parent":0,"menu_order":0,"comment_status":"closed","ping_status":"closed","template":"","meta":{"saved_in_kubio":false,"footnotes":""},"class_list":["post-171","page","type-page","status-publish","hentry"],"kubio_ai_page_context":{"short_desc":"","purpose":"general"},"_links":{"self":[{"href":"https:\/\/yoyogezginleri.org\/index.php\/wp-json\/wp\/v2\/pages\/171","targetHints":{"allow":["GET"]}}],"collection":[{"href":"https:\/\/yoyogezginleri.org\/index.php\/wp-json\/wp\/v2\/pages"}],"about":[{"href":"https:\/\/yoyogezginleri.org\/index.php\/wp-json\/wp\/v2\/types\/page"}],"author":[{"embeddable":true,"href":"https:\/\/yoyogezginleri.org\/index.php\/wp-json\/wp\/v2\/users\/1"}],"replies":[{"embeddable":true,"href":"https:\/\/yoyogezginleri.org\/index.php\/wp-json\/wp\/v2\/comments?post=171"}],"version-history":[{"count":3,"href":"https:\/\/yoyogezginleri.org\/index.php\/wp-json\/wp\/v2\/pages\/171\/revisions"}],"predecessor-version":[{"id":176,"href":"https:\/\/yoyogezginleri.org\/index.php\/wp-json\/wp\/v2\/pages\/171\/revisions\/176"}],"wp:attachment":[{"href":"https:\/\/yoyogezginleri.org\/index.php\/wp-json\/wp\/v2\/media?parent=171"}],"curies":[{"name":"wp","href":"https:\/\/api.w.org\/{rel}","templated":true}]}}